-5*b = -3*r + 36. Calculate the greatest common divisor of 56 and r.
7
Let i(u) = 133*u**2 - 1. Let m be i(1). Suppose 0 = -6*l + 2*l + m. What is the highest common factor of l and 11?
11
Let b = -21 + 32. Let d(u) = -40*u - 3. Let x be d(-2). Calculate the greatest common factor of x and b.
11
Let n = 21 - 6. Let b = 29 - n. What is the greatest common factor of 112 and b?
14
Let h = -22 + 33. Calculate the highest common divisor of h and 55.
11
Let g = 38 - 10. Calculate the highest common divisor of 252 and g.
28
Let y be 90/((-9)/12*-1). What is the greatest common divisor of 15 and y?
15
Let j = 105 - 33. Suppose -3*a - 3*k = k - 16, -4*k - 40 = -4*a. Calculate the greatest common factor of a and j.
8
Let g(h) = -h**3 + 8*h**2 + h - 15. Let o be g(6). What is the highest common divisor of 7 and o?
7
Let z(a) = -a**3 - 9*a**2 - 10*a - 6. Let y be z(-8). Calculate the greatest common factor of y and 10.
10
Suppose -f = -b + 14, -5*f + 2 + 6 = b. What is the highest common divisor of 1 and b?
1
Suppose -32 = -u - l, 4*u + l = 3*l + 122. Calculate the greatest common factor of u and 93.
31
Let o(d) = -d**2 - 9*d + 8. Let y be o(-7). Let j = y - 4. Let b = 58 + -4. What is the highest common factor of b and j?
18
Let d(z) = 7*z**2 - 1 + z - 5*z**2 + 10*z**2. Suppose 2*p - 4*p - 2*c = 6, -p = 3*c + 5. Let q be d(p). What is the highest common factor of 9 and q?
9
Let m(n) = 83*n + 48 - 171*n + 89*n. Suppose 0 = 2*q - 2*f - 10, -2*q - 3*f - 2 = 13. Let a be m(q). Calculate the highest common factor of a and 12.
12
Suppose -i + 3 = -9. Calculate the greatest common factor of 132 and i.
12
Let k be 1/(-4) - 7/4. Let d be -2 + 3/3 - k. Suppose 0*x - x = -d. Calculate the highest common factor of 8 and x.
1
Let m(i) = i - 10. Let r be m(10). Suppose r = 3*u - 12. Let g be 41/u + 1/(-4). What is the greatest common factor of g and 20?
10
Let x be (-97)/3 + (-8)/12. Let y be x*(-3 - (1 - 3)). What is the greatest common divisor of y and 3?
3
Let m = 48 - 34. Let a be (3 - 18/m)*7. What is the highest common divisor of 108 and a?
12
Let v = 79 - 64. What is the highest common factor of v and 15?
15
Let d be (1 - (-2 - -5)) + 3. Let b = 0 - 1. Let y be b/(1/(-1)*1). Calculate the highest common divisor of y and d.
1
Let h = 34 + -16. Let v = -4 + 4. Suppose v = -w - 0*w + 9. What is the greatest common divisor of w and h?
9
Let c(m) = -m - 6. Let x be c(-6). Suppose -50 = -2*f + 5*t, x*t + 57 = 3*f - 3*t. Let d = -268 - -313. What is the greatest common factor of d and f?
15
Let v = 2 + 9. What is the greatest common divisor of v and 88?
11
Let a = 18 - 4. Calculate the highest common divisor of 112 and a.
14
Let z(a) be the third derivative of -1/6*a**4 + 1/60*a**5 + 0 - 1/2*a**3 + 0*a - a**2. Let d be z(-5). Calculate the greatest common factor of d and 6.
6
Let y(o) be the third derivative of -o**4/4 - 2*o**3/3 - o**2. Let c be y(-5). Let r = -24 + 63. What is the highest common factor of c and r?
13
Let v(b) = -10*b. Let f = 2 - 0. Suppose f*t + 0*t = -8. Let p be v(t). What is the greatest common divisor of 8 and p?
8
Let f be 10/15 + 40/(-6). Let p(t) = t + 8. Let a be p(f). What is the greatest common divisor of a and 2?
2
Let f(k) = -k**2 + 8*k - 6. Let y be f(8). Let t = 0 - y. Suppose -2*g = -149 + 29. What is the highest common factor of g and t?
6
Let k = -133 - -167. Calculate the greatest common divisor of k and 85.
17
Let d(m) be the first derivative of -15*m**2/2 - 5*m + 3. Let w be d(-2). What is the highest common factor of w and 25?
25
Let o be (-3 - -1)*12/(-8). Let a(c) = -c**3 + 4*c**2 + c + 2. Let r be a(o). What is the greatest common divisor of r and 14?
14
Let x = 205 - 169. Suppose -1 + 21 = 5*i. Calculate the highest common divisor of x and i.
4
Suppose -r + 4*j = -1 - 43, 2*j + 106 = 4*r. What is the highest common factor of 6 and r?
6
Let f be -3*10*2/2. Let m be ((-22)/3)/(4/f). Let l = -1 + 6. What is the highest common factor of m and l?
5
Let f(y) = 30*y - 4. Let z be f(1). What is the greatest common factor of z and 208?
26
Let p(r) = -25*r - 14. Let o be p(-6). Calculate the highest common divisor of o and 17.
17
Let f be -1*(0 + -1)*-1. Let o be 25 - (0/f + 1). Let q be 84/14 + 1*2. What is the greatest common divisor of q and o?
8
Suppose -11 = w - 1. Let g = w + 22. What is the highest common divisor of 132 and g?
12
Suppose 0 = 5*a + 10, 5*a - 212 = -c + 6*a. Calculate the greatest common factor of c and 84.
42
Suppose 0 = -4*k - 7 + 35. What is the greatest common divisor of k and 2?
1
Let o = -12 + 20. Suppose 0 = 3*s - 12 - 9. Let x = s - -49. Calculate the greatest common divisor of o and x.
8
Suppose 0*f - 52 = -4*i - f, 5*i = -4*f + 76. What is the greatest common divisor of 42 and i?
6
Let v be (-13)/(-2) - (-3)/(-6). Let b = 16 - v. Let p(z) = -40*z. Let h be p(-2). What is the highest common divisor of h and b?
10
Let u(k) = -k - 8. Let g be u(-11). Let d be (g/2)/(6/44). Calculate the highest common factor of d and 22.
11
Let q = -71 - -105. Suppose 2*b - q = 54. Calculate the greatest common factor of 4 and b.
4
Let c be 2/12 + 161/42. Calculate the greatest common factor of 4 and c.
4
Let s(c) = 2*c + 10. Let q be s(0). What is the greatest common divisor of 10 and q?
10
Let n be 63/(-12)*(-24)/9. Let h(s) = 2*s - 5. Let a be h(6). What is the highest common divisor of a and n?
7
Let h be 3/6*(-2)/(-1). Let d = 11 - h. Suppose z - 4 = -z. Calculate the greatest common factor of d and z.
2
Let v(k) be the third derivative of -2*k**2 + 1/8*k**4 + 0*k - 7/6*k**3 + 0. Let h be v(6). Calculate the highest common divisor of h and 88.
11
Let f = 25 + -21. Suppose 12 + f = j. Calculate the greatest common divisor of 48 and j.
16
Suppose -3*a + 0*a = -48. Let d be -3 + 15/(6/2). Suppose 5*v - 6 = d*v. Calculate the highest common divisor of a and v.
2
Let q(s) = 3*s + 3*s - 3 + 5*s**2 - 7*s. Let l be q(3). Let z(p) = 12*p**3 + 2*p**2 - 2*p + 1. Let y be z(1). Calculate the highest common factor of y and l.
13
Suppose c = 8 + 22. What is the greatest common divisor of c and 6?
6
Suppose 78*n + 215 = 79*n. Calculate the greatest common divisor of 86 and n.
43
Suppose 0 = -5*i + 121 + 219. Calculate the highest common factor of i and 17.
17
Suppose 227 + 263 = 5*f. What is the highest common factor of f and 14?
14
Let k = 4 + 11. Let w be k/(-4)*40/(-3). Let d be ((-10)/4)/((-4)/16). Calculate the highest common factor of d and w.
10
Let h = -11 - -18. Calculate the greatest common divisor of h and 49.
7
Let h = -15 + 26. Let z = 18 - h. What is the highest common factor of z and 49?
7
Let u(p) = p**2 + 8*p - 14. Let c be u(-10). Suppose -i = -c*i + 10. Let q be (-21)/(-1) - 2/(-2). Calculate the greatest common divisor of i and q.
2
Let t = 54 + -17. Let v = 57 - t. Calculate the greatest common divisor of v and 4.
4
Suppose 5*m = 219 + 166. Calculate the greatest common divisor of m and 7.
7
Suppose 0*s + 5 = 3*s + n, 0 = -5*s - 3*n + 7. Let r(u) = 4*u - 2. Let g be r(s). Suppose 72 = 7*i - 3*i. Calculate the highest common divisor of i and g.
6
Let y be (-1 + 7)/(3/9). Suppose 3*d = 2*d - 4, -d - 400 = -2*q. What is the highest common divisor of y and q?
18
Let z = 29 + -17. What is the highest common factor of 84 and z?
12
Suppose -4*k + 32 = -320. Let j = -4 + 9. Suppose -4*a - 47 = -j*i, -a + 3 + 10 = i. What is the highest common divisor of i and k?
11
Let c(v) = 3*v**2 - 3*v. Let r be c(3). Calculate the greatest common factor of 6 and r.
6
Let t(n) = n**2 - 3*n - 1. Let b be t(6). Let m = b + -9. Calculate the highest common divisor of 2 and m.
2
Let c(s) = -6*s - 4. Suppose i + 4 = -2. Let l be c(i). What is the greatest common factor of 80 and l?
16
Let n(k) = -18*k - 4. Let a(y) = 18*y + 5. Let l(v) = 3*a(v) + 4*n(v). Let d be l(-1). What is the highest common factor of 17 and d?
17
Let w = 146 + -16. Let l be ((-286)/22)/(1/(2/(-2))). Calculate the highest common factor of w and l.
13
Let u = 46 + -26. What is the greatest common divisor of u and 100?
20
Suppose -8*u + 2118 = 390. What is the highest common divisor of 12 and u?
12
Suppose -j = 4*v - 0*v - 327, v + 1257 = 4*j. Calculate the greatest common divisor of 45 and j.
45
Suppose 4*w = -2*m - 0*m + 506, 4*w - 521 = 3*m. Let t = 112 - 64. 